f 6500283718.
2, 54293, 59863
What are the prime factors of 844017756?
2, 3, 70334813
List the prime factors of 542155773.
3, 293, 616787
What are the prime factors of 85360771?
983, 86837
What are the prime factors of 128925649?
23, 37, 151499
List the prime factors of 8822019.
3, 2940673
What are the prime factors of 432800862?
2, 3, 13, 53, 104693
List the prime factors of 16743788.
2, 19, 29, 71, 107
List the prime factors of 589569295.
5, 7, 173, 97369
What are the prime factors of 259294805?
5, 7, 11, 19, 35447
List the prime factors of 34970337.
3, 157, 24749
What are the prime factors of 143193412?
2, 233, 153641
What are the prime factors of 309488261?
29, 641, 16649
List the prime factors of 236220353.
139, 1699427
List the prime factors of 78838231.
17, 37, 125339
List the prime factors of 3540896454.
2, 3, 21569, 27361
List the prime factors of 7027467702.
2, 3, 23, 2214073
List the prime factors of 39521150.
2, 5, 59, 13397
List the prime factors of 1574354992.
2, 7, 127, 151, 733
List the prime factors of 115749.
3, 1429
What are the prime factors of 52634407?
7, 47, 157, 1019
What are the prime factors of 124283494?
2, 62141747
What are the prime factors of 111085050?
2, 3, 5, 787, 941
What are the prime factors of 84852417?
3, 13, 53, 41051
List the prime factors of 293051944.
2, 36631493
List the prime factors of 438352637.
438352637
What are the prime factors of 246211957?
246211957
List the prime factors of 395656106.
2, 29, 449, 15193
What are the prime factors of 78664968?
2, 3, 23, 67, 709
List the prime factors of 11926952.
2, 1490869
List the prime factors of 51059874.
2, 3, 17, 500587
List the prime factors of 67159934.
2, 89, 307, 1229
What are the prime factors of 69232306?
2, 11, 13, 67, 3613
List the prime factors of 101455624.
2, 137, 92569
What are the prime factors of 64804017?
3, 17, 1270667
List the prime factors of 17550544.
2, 11, 99719
List the prime factors of 105827021.
197, 269, 1997
List the prime factors of 2020080692.
2, 7, 17, 157, 27031
What are the prime factors of 2372738602?
2, 13, 91259177
What are the prime factors of 1269775819?
13, 97675063
What are the prime factors of 3778118655?
3, 5, 37, 167, 40763
What are the prime factors of 272759459?
7, 19, 2050823
List the prime factors of 7514504.
2, 313, 3001
What are the prime factors of 100996202?
2, 31, 41, 67, 593
What are the prime factors of 62350279?
62350279
List the prime factors of 811155656.
2, 101394457
What are the prime factors of 63545218?
2, 11, 17, 131, 1297
What are the prime factors of 2403568392?
2, 3, 17, 107, 55057
List the prime factors of 3477672437.
3477672437
What are the prime factors of 88484479?
88484479
List the prime factors of 18554775.
3, 5, 73, 3389
List the prime factors of 209564557.
31, 6760147
List the prime factors of 32072108.
2, 8018027
What are the prime factors of 1046541656?
2, 643, 203449
What are the prime factors of 76082467?
4013, 18959
List the prime factors of 16978405.
5, 3395681
What are the prime factors of 351740542?
2, 53, 3318307
List the prime factors of 801003935.
5, 37, 1289, 3359
List the prime factors of 86439645.
3, 5, 17, 19, 313
List the prime factors of 920749737.
3, 137, 2240267
What are the prime factors of 249444427?
2153, 115859
List the prime factors of 508415637.
3, 2447, 69257
What are the prime factors of 94218035?
5, 18843607
List the prime factors of 41782718.
2, 47, 73, 6089
List the prime factors of 762851365.
5, 152570273
List the prime factors of 795885.
3, 5, 97, 547
List the prime factors of 722880786.
2, 3, 120480131
What are the prime factors of 35962868?
2, 101, 89017
What are the prime factors of 1006093796?
2, 17, 83, 178259
What are the prime factors of 101918063?
13, 1783, 4397
What are the prime factors of 97434011?
6863, 14197
List the prime factors of 252670909.
15359, 16451
What are the prime factors of 350312655?
3, 5, 7, 11, 23, 13187
List the prime factors of 9026119431.
3, 7, 61, 47933
What are the prime factors of 260186290?
2, 5, 7, 13, 137, 2087
List the prime factors of 21096765.
3, 5, 468817
List the prime factors of 973121846.
2, 307, 1584889
List the prime factors of 36277881.
3, 17, 41843
List the prime factors of 112243564.
2, 19, 77731
What are the prime factors of 2827413756?
2, 3, 37, 707561
What are the prime factors of 106588763?
106588763
List the prime factors of 253367778.
2, 3, 42227963
What are the prime factors of 86956874?
2, 43478437
List the prime factors of 1097510498.
2, 7, 947, 82781
What are the prime factors of 42639534?
2, 3, 7, 19, 1979
List the prime factors of 67503661.
223, 271, 1117
What are the prime factors of 7360616?
2, 653, 1409
What are the prime factors of 48881835?
3, 5, 1086263
What are the prime factors of 6481083?
3, 7, 44089
What are the prime factors of 34986942?
2, 3, 19, 102301
List the prime factors of 1772571308.
2, 9463, 46829
What are the prime factors of 15221586?
2, 3, 769, 3299
What are the prime factors of 13939824?
2, 3, 37, 47, 167
What are the prime factors of 254391415?
5, 50878283
List the prime factors of 865692526.
2, 293, 1477291
List the prime factors of 1243506310.
2, 5, 17, 430279
List the prime factors of 70811123.
70811123
List the prime factors of 144503341.
19, 181, 42019
What are the prime factors of 573611626?
2, 7, 463, 88493
What are the prime factors of 901630435?
5, 53, 3402379
List the prime factors of 2034566365.
5, 13, 31301021
What are the prime factors of 117419427?
3, 13046603
List the prime factors of 41754655.
5, 103, 81077
What are the prime factors of 180328502?
2, 90164251
What are the prime factors of 749456255?
5, 1613, 92927
What are the prime factors of 58362039?
3, 240173
List the prime factors of 1025915680.
2, 5, 6411973
What are the prime factors of 383323110?
2, 3, 5, 293, 43609
What are the prime factors of 224475940?
2, 5, 13, 66413
List the prime factors of 37901639.
179, 211741
What are the prime factors of 400331304?
2, 3, 5560157
List the prime factors of 25537746.
2, 3, 13, 327407
List the prime factors of 528887780.
2, 5, 26444389
List the prime factors of 47537921.
47537921
What are the prime factors of 518971765?
5, 13, 7984181
List the prime factors of 55949091.
3, 11, 17, 19, 29, 181
What are the prime factors of 8926410648?
2, 3, 331, 1123667
What are the prime factors of 1138517662?
2, 127, 643, 6971
List the prime factors of 10462125.
3, 5, 23, 1213
What are the prime factors of 7980016?
2, 11, 45341
What are the prime factors of 1246028090?
2, 5, 17, 61, 120157
What are the prime factors of 133984091?
7577, 17683
What are the prime factors of 580200368?
2, 11, 3296593
What are the prime factors of 39982631?
13, 19, 161873
What are the prime factors of 74317870?
2, 5, 11, 675617
What are the prime factors of 786108513?
3, 23, 11392877
List the prime factors of 1492512691.
1492512691
What are the prime factors of 83119698?
2, 3, 17, 61, 73
What are the prime factors of 105033949?
105033949
List the prime factors of 75217174.
2, 401, 93787
List the prime factors of 101584701.
3, 11287189
List the prime factors of 17590163.
17590163
List the prime factors of 53187560.
2, 5, 17, 43, 107
What are the prime factors of 573044096?
2, 4476907
List the prime factors of 28525995.
3, 5, 29, 21859
List the prime factors of 373223.
41, 9103
What are the prime factors of 408826052?
2, 1627, 62819
List the prime factors of 1574556.
2, 3, 131213
List the prime factors of 569941382.
2, 241, 1182451
List the prime factors of 577854490.
2, 5, 5351, 10799
List the prime factors of 12678110.
2, 5, 293, 4327
List the prime factors of 3679692036.
2, 3, 14197, 21599
List the prime factors of 720096655.
5, 3919, 36749
List the prime factors of 44989724.
2, 13, 593, 1459
List the prime factors of 30288229.
30288229
What are the prime factors of 320788819?
13, 24676063
What are the prime factors of 346058115?
3, 5, 13, 19, 23, 31, 131
List the prime factors of 124854699.
3, 149, 279317
What are the prime factors of 677515721?
421, 1609301
List the prime factors of 1199287783.
1199287783
What are the prime factors of 80247078?
2, 3, 1486057
List the prime factors of 905685402.
2, 3, 150947567
What are the prime factors of 2632042103?
3191, 824833
List the prime fact